{"id":162,"date":"2013-11-21T21:30:44","date_gmt":"2013-11-21T20:30:44","guid":{"rendered":"http:\/\/www.zsg-altenmarkt.de\/?page_id=162"},"modified":"2019-12-09T20:08:08","modified_gmt":"2019-12-09T19:08:08","slug":"schiesszeiten","status":"publish","type":"page","link":"http:\/\/www.zsg-altenmarkt.de\/?page_id=162","title":{"rendered":"Schie\u00dfzeiten"},"content":{"rendered":"<p><strong>\u00dcbungsschie\u00dfen:<\/strong>&nbsp;Ab Oktober&nbsp; jeden Freitag ab 19.00 Uhr<\/p>\n","protected":false},"excerpt":{"rendered":"<p>\u00dcbungsschie\u00dfen:&nbsp;Ab Oktober&nbsp; jeden Freitag ab 19.00 Uhr<\/p>\n","protected":false},"author":1,"featured_media":0,"parent":0,"menu_order":0,"comment_status":"closed","ping_status":"closed","template":"","meta":{"ngg_post_thumbnail":0,"_mc_calendar":[],"footnotes":""},"class_list":["post-162","page","type-page","status-publish","hentry"],"_links":{"self":[{"href":"http:\/\/www.zsg-altenmarkt.de\/index.php?rest_route=\/wp\/v2\/pages\/162","targetHints":{"allow":["GET"]}}],"collection":[{"href":"http:\/\/www.zsg-altenmarkt.de\/index.php?rest_route=\/wp\/v2\/pages"}],"about":[{"href":"http:\/\/www.zsg-altenmarkt.de\/index.php?rest_route=\/wp\/v2\/types\/page"}],"author":[{"embeddable":true,"href":"http:\/\/www.zsg-altenmarkt.de\/index.php?rest_route=\/wp\/v2\/users\/1"}],"replies":[{"embeddable":true,"href":"http:\/\/www.zsg-altenmarkt.de\/index.php?rest_route=%2Fwp%2Fv2%2Fcomments&post=162"}],"version-history":[{"count":8,"href":"http:\/\/www.zsg-altenmarkt.de\/index.php?rest_route=\/wp\/v2\/pages\/162\/revisions"}],"predecessor-version":[{"id":1985,"href":"http:\/\/www.zsg-altenmarkt.de\/index.php?rest_route=\/wp\/v2\/pages\/162\/revisions\/1985"}],"wp:attachment":[{"href":"http:\/\/www.zsg-altenmarkt.de\/index.php?rest_route=%2Fwp%2Fv2%2Fmedia&parent=162"}],"curies":[{"name":"wp","href":"https:\/\/api.w.org\/{rel}","templated":true}]}}